Let n(h) = -h**2 + 7*h - 6. What is n(8)?
-14
Let p(d) = -d**2 + 9*d - 6. What is p(4)?
14
Let x(i) = -i**3 - 12*i**2 - 19*i + 43. Calculate x(-10).
33
Let a(v) = v**3 - 8*v**2 - 21*v + 28. Calculate a(10).
18
Let k(o) = o**3 - 70*o**2 - 147*o + 215. Give k(72).
-1
Let x(v) = -76*v - 452. Determine x(-6).
4
Let p(u) = -2*u + 2. Give p(-3).
8
Let a(q) = q**2 - 20*q + 58. Determine a(17).
7
Let n(y) = -13*y + 2. Give n(-3).
41
Let p(n) = 2*n - 12. Calculate p(15).
18
Let y(p) = -3*p - 179. Calculate y(0).
-179
Let a(l) = 23*l + 521. Determine a(-23).
-8
Let q(y) = -y**3 + 15*y**2 - y - 10. Calculate q(15).
-25
Let t(c) = -389*c + 783. Give t(2).
5
Let f(b) = -b**3 + 15*b**2 - 14*b + 16. Give f(14).
16
Let f(t) = 14*t - 10. Determine f(3).
32
Let j(s) = 3*s**3 - 125*s**2 - 42*s + 7. Give j(42).
7
Let s(a) = a + 1. Determine s(12).
13
Let o(p) = 10*p - 1. Determine o(1).
9
Let w(r) = r**3 - 7*r**2 + 11*r - 2. What is w(5)?
3
Let k(f) = -f**3 + 7*f**2 - 6*f - 3. Give k(5).
17
Let x(w) = -2*w**3 + 4*w**2 - 4*w + 3. Determine x(2).
-5
Let q(g) = 4*g + 22. What is q(-9)?
-14
Let f(m) = 12*m + 65. Give f(-6).
-7
Let p(n) = -6*n**3 + n**2 - 10*n + 9. Determine p(1).
-6
Let l(v) = 7*v + 39. Give l(-6).
-3
Let r(v) = -v**2 - 6*v + 1. What is r(-5)?
6
Let v(c) = c**3 + 5*c**2 + 3*c + 2. Determine v(-5).
-13
Let l(d) = 20*d + 558. Calculate l(-28).
-2
Let c(k) = 13*k - 35. Determine c(6).
43
Let f(s) = -24*s - 16. Determine f(-1).
8
Let u(z) = -z**2 - 18*z - 12. Determine u(-16).
20
Let q(m) = 3*m**2 + 40*m + 25. Determine q(-11).
-52
Let r(y) = y**3 + 15. Give r(0).
15
Let u(c) = -c**2 - 17*c - 50. Give u(-9).
22
Let n(z) = -z**3 - 12*z**2 - 24*z + 4. Determine n(-9).
-23
Let p(g) = -g**2 + 4*g + 16. What is p(5)?
11
Let k(z) = z**2 + 2*z + 2. Give k(-3).
5
Let t(v) = -48*v - 31. Determine t(-1).
17
Let c(d) = 7*d**2 - 30*d - 62. Determine c(-2).
26
Let a(j) = -3*j**2 - 63*j - 119. Calculate a(-19).
-5
Let n(s) = -s**2 - 17*s + 27. Give n(-8).
99
Let w(c) = 46*c**2 + 1. Give w(1).
47
Let y(h) = -15*h - 101. Calculate y(-10).
49
Let g(l) = -l**3 + 13*l**2 + 29*l + 14. What is g(15)?
-1
Let o(m) = m**3 + 7*m**2 + 11*m + 23. Calculate o(-6).
-7
Let y(u) = -u**3 - 8*u**2 + 29*u + 79. Calculate y(-10).
-11
Let b(n) = n**2 + 3*n - 3. Give b(-3).
-3
Let m(d) = d**3 + 11*d**2 + 12*d + 22. Calculate m(-10).
2
Let g(d) = d**3 - 43*d**2 - 93*d + 148. Calculate g(45).
13
Let o(w) = 16*w - 111. Determine o(7).
1
Let z(f) = -53*f**3 - f**2. Calculate z(1).
-54
Let b(t) = -t**3 - 2*t**2 + 13*t - 1. Give b(-4).
-21
Let m(l) = -l**2 + 56*l + 156. Determine m(-3).
-21
Let k(m) = m**3 + 8*m**2 + 5*m - 5. What is k(-7)?
9
Let q(k) = -k**2 - 10*k - 12. Determine q(-7).
9
Let v(u) = -16*u + 106. Determine v(6).
10
Let u(i) = 9*i + 3. Give u(3).
30
Let g(s) = -s**3 + s + 139. What is g(0)?
139
Let i(q) = q + 15. Calculate i(-6).
9
Let i(u) = -25*u + 284. Calculate i(11).
9
Let z(k) = -k**3 + 13*k**2 - 14*k + 24. What is z(12)?
0
Let k(q) = q**3 + 13*q**2 + 13*q - 3. What is k(-12)?
-15
Let a(m) = m**2 - 2*m - 22. What is a(8)?
26
Let s(c) = 4*c**2 - 3*c - 3. Give s(-2).
19
Let g(l) = 3*l - 12. Determine g(8).
12
Let u(h) = -2*h + 7. Calculate u(7).
-7
Let i(s) = 3*s**2 + 2*s - 9. Calculate i(-5).
56
Let n(k) = -k**2 + 8*k - 2. Calculate n(5).
13
Let d(m) = 2*m**2 + 15. Determine d(-7).
113
Let u(j) = -4*j**2 - 59*j - 73. Determine u(-14).
-31
Let j(m) = -3*m**3 + 2*m**2 + 4*m. Calculate j(2).
-8
Let c(r) = r**3 - 8*r**2 + 12*r - 10. Determine c(5).
-25
Let m(j) = 7*j - 22. Determine m(3).
-1
Let c(q) = 2*q + 1. Determine c(-4).
-7
Let h(y) = y**2 + 3*y - 1. What is h(3)?
17
Let d(y) = y + 9. Determine d(-8).
1
Let z(k) = 2*k**2 - 24*k - 22. Give z(13).
4
Let j(x) = -4*x**2 - 8*x + 67. What is j(-5)?
7
Let n(k) = -133*k + 2. Give n(-1).
135
Let c(m) = -14*m + 15. What is c(4)?
-41
Let f(d) = -4*d + 80. Calculate f(22).
-8
Let q(k) = k**2 - 28*k - 5. Determine q(28).
-5
Let q(y) = -12*y**3 + 2*y**2 - 2. What is q(-1)?
12
Let i(u) = u**2 - 25*u + 42. Calculate i(23).
-4
Let g(p) = p**3 + 23*p**2 + 22*p - 9. Give g(-22).
-9
Let q(k) = -14*k - 17. What is q(7)?
-115
Let j(b) = -2*b + 12. Give j(-21).
54
Let u(f) = 8*f + 4. Calculate u(-4).
-28
Let k(n) = -2*n - 20. Give k(-10).
0
Let m(o) = o**2 - 7*o + 16. Give m(6).
10
Let w(j) = -2*j - 12. Give w(0).
-12
Let i(b) = -b**2 + 4*b + 66. Give i(-6).
6
Let v(z) = -z**2 + 41*z + 220. Calculate v(-5).
-10
Let l(i) = -i + 6. What is l(8)?
-2
Let u(v) = -4*v - 6. Determine u(5).
-26
Let r(u) = -u**3 + 9*u**2 + 9*u + 14. What is r(10)?
4
Let f(k) = k - 1. Give f(8).
7
Let p(j) = -j**3 + 11*j**2 + 2*j - 12. Determine p(11).
10
Let l(w) = w**3 - 9*w**2 - 5*w + 6. Calculate l(7).
-127
Let z(n) = 2*n**3 + n**2 - n - 7. Give z(0).
-7
Let s(w) = w**2 + 9*w + 11. What is s(-2)?
-3
Let k(o) = -2*o**2 - 22*o - 21. What is k(-10)?
-1
Let u(g) = -g**2 - 15*g - 9. What is u(-15)?
-9
Let i(t) = t**3 + 10*t**2 - 8*t + 24. Give i(-11).
-9
Let y(c) = 7*c**2 - 42*c + 5. What is y(6)?
5
Let r(g) = -g**2 - 7*g - 4. What is r(-10)?
-34
Let w(x) = -x**2 + 5*x + 7. Determine w(6).
1
Let v(r) = r**3 - 7*r**2 + 4*r + 3. Calculate v(7).
31
Let q(f) = -29*f - 1. Calculate q(-1).
28
Let k(n) = n**3 - 3*n**2 - 7*n - 8. What is k(5)?
7
Let y(q) = -68*q + 336. Calculate y(5).
-4
Let x(c) = c + 6. Determine x(3).
9
Let h(x) = 13*x - 53. Give h(6).
25
Let y(o) = 10*o - 18. Calculate y(-17).
-188
Let h(y) = y**3 + 6*y**2 + 2*y + 7. Give h(-6).
-5
Let v(s) = -109*s**3 - 8*s**2 - 5*s + 2. What is v(-1)?
108
Let r(u) = u**3 + 5*u**2 - 5*u + 4. Calculate r(-6).
-2
Let r(l) = -8*l - 2. Calculate r(-3).
22
Let o(x) = -3*x + 9. Calculate o(5).
-6
Let n(t) = -11*t**2 + 28*t + 5. Give n(4).
-59
Let b(m) = 4*m + 30. Determine b(-9).
-6
Let s(b) = -2*b**2 - 8*b - 8. What is s(-4)?
-8
Let p(t) = t + 14. Calculate p(-8).
6
Let y(s) = -s**3 - 21*s**2 - 20*s + 1. What is y(-20)?
1
Let g(t) = 2*t**3 + 7*t**2 - 4*t - 5. Give g(-4).
-5
Let t(v) = -v**3 + 15*v**2 - 27*v + 13. Calculate t(13).
0
Let p(h) = -2*h**2 - 6*h - 9. Calculate p(-4).
-17
Let z(q) = -q**3 + 5*q**2 - q + 10. What is z(5)?
5
Let z(u) = -9*u - 3. Determine z(0).
-3
Let g(y) = 10*y + 2. What is g(-1)?
-8
Let n(p) = 5*p + 1. Determine n(-3).
-14
Let a(q) = -6*q - 23. Determine a(-5).
7
Let y(l) = l**3 + 18*l**2 + 15*l - 35. Give y(-17).
-1
Let m(o) = -o + 4. Determine m(0).
4
Let o(u) = -7*u**3 - u**2 + 4*u - 2. What is o(1)?
-6
Let p(v) = -v**2 - 8*v - 11. Calculate p(-5).
4
Let l(t) = 7*t + 50. Give l(-13).
-41
Let f(p) = p**3 + 5*p**2 + 7*p + 5. Calculate f(-4).
-7
Let o(b) = -b**2 - 7*b - 6. Determine o(0).
-6
Let v(w) = -w**2 + 3*w - 5. Calculate v(3).
-5
Let q(c) = -c**2 + 6*c - 6. Determine q(4).
2
Let j(l) = 16*l - 418. Give j(26).
-2
Let n(g) = 30*g - 3. What is n(2)?
57
Let s(r) = -r**2 + 26*r - 36. Determine s(18).
108
Let w(f) = f**3 + 37*f**2 + 76*f + 209. Determine w(-35).
-1
Let r(v) = -2*v**2 - 17*v + 5. Give r(-9).
-4
Let q(j) = 3*j + 24. Determine q(6).
42
Let u(d) = -4*d - 44. Determine u(-17).
24
Let i(w) = w**3 + 10*w**2 + 19*w + 111. Give i(-9).
21
Let s(x) = -5*x + 39. Give s(13).
-26
Let w(d) = d**3 + 10. Determine w(0).
10
Let m(q) = q**3 + 19*q**2 + q - 7. Give m(-19).
-26
Let m(x) = -3*x + 10. What is m(-5)?
25
Let v(l) = -l**3 - 16*l**2 - 43*l - 48. Give v(-13).
4
Let p(o) = -2*o**2 + 15*o + 4. Give p(7).
11
Let p(d) = -3*d - 28. Calculate p(-12).
8
Let k(r) = 10*r**2 + 3*r + 2. Give k(-1).
9
Let x(i) = 2*i + 1. Determine x(2).
5
Let k(v) = -5*v**2 - 7*v - 6. Calculate k(-2).
-12
Let i(x) = -x**3 + 9*x**2 + 7*x + 15. Calculate i(10).
-15
Let m(a) = 108*a + 1505. What is m(-14)?
-7
Let n(a) = -a + 29. Give n(11).
18
Let p(y) = 11*y**2 + 6*y + 3. Calculate p(-1).
8
Let y(b) = -b**2 - 5*b + 17. Give y(-7).
3
Let y(d) = -2*d**2 - 19*d + 14. What is y(-10)?
4
Let u(s) = 3*s**2 + 6*s - 27. Determine u(3).
18
Let q(t) = 9*t + 6. Calculate q(-1).
-3
Let p(z) = -8*z**3 - 3*z**2 + 4*z + 3. Calculate p(-2).
47
Let d(y) = -y**2 - 13*y - 14. What is d(-15)?
-44
Let t(d) = d**3 - d + 42. Give t(0).
42
Let h(w) = w**3 - 10*w**2 + 14*w - 9. Calculate h(8).
-25
Let p(d) = d**3 - 10*d**2 + 11*d - 16. Calculate p(9).
2
Let p(j) = 4*j**2 - 23*j + 11. What is p(5)?
-4
Let q(m) = -5*m**3 + 2*m**2 + 5*m + 4. Give q